 digit of 581?
5
What is the hundreds digit of 8793?
7
What is the tens digit of 3033?
3
What is the hundreds digit of 12622?
6
What is the ten thousands digit of 41671?
4
What is the hundreds digit of 159513?
5
What is the hundreds digit of 66560?
5
What is the tens digit of 738?
3
What is the tens digit of 369?
6
What is the units digit of 22067?
7
What is the units digit of 18793?
3
What is the ten thousands digit of 13370?
1
What is the ten thousands digit of 132844?
3
What is the thousands digit of 13774?
3
What is the units digit of 72900?
0
What is the tens digit of 2464?
6
What is the thousands digit of 6734?
6
What is the ten thousands digit of 26149?
2
What is the tens digit of 146699?
9
What is the units digit of 1189?
9
What is the thousands digit of 51452?
1
What is the units digit of 17756?
6
What is the hundreds digit of 3317?
3
What is the units digit of 26984?
4
What is the tens digit of 154944?
4
What is the units digit of 4124?
4
What is the units digit of 2397?
7
What is the units digit of 30162?
2
What is the units digit of 1242?
2
What is the hundreds digit of 21816?
8
What is the units digit of 3256?
6
What is the units digit of 4367?
7
What is the hundreds digit of 18686?
6
What is the hundreds digit of 365?
3
What is the thousands digit of 2490?
2
What is the units digit of 24287?
7
What is the units digit of 444?
4
What is the hundreds digit of 394?
3
What is the tens digit of 149826?
2
What is the units digit of 1018?
8
What is the tens digit of 1590?
9
What is the units digit of 2247?
7
What is the thousands digit of 42434?
2
What is the tens digit of 32295?
9
What is the units digit of 1783?
3
What is the tens digit of 341?
4
What is the tens digit of 81471?
7
What is the thousands digit of 17085?
7
What is the units digit of 1640?
0
What is the units digit of 17233?
3
What is the hundreds digit of 4663?
6
What is the tens digit of 33092?
9
What is the hundreds digit of 281?
2
What is the thousands digit of 9279?
9
What is the hundreds digit of 1472?
4
What is the hundreds digit of 139?
1
What is the units digit of 8944?
4
What is the hundreds digit of 123?
1
What is the hundreds digit of 913?
9
What is the tens digit of 951?
5
What is the units digit of 4031?
1
What is the units digit of 15312?
2
What is the units digit of 901?
1
What is the hundreds digit of 7667?
6
What is the ten thousands digit of 16649?
1
What is the hundreds digit of 35972?
9
What is the units digit of 495?
5
What is the thousands digit of 8543?
8
What is the hundreds digit of 41194?
1
What is the units digit of 4272?
2
What is the units digit of 2446?
6
What is the tens digit of 3647?
4
What is the ten thousands digit of 41365?
4
What is the tens digit of 2620?
2
What is the units digit of 177325?
5
What is the hundreds digit of 170?
1
What is the units digit of 189575?
5
What is the thousands digit of 9632?
9
What is the hundreds digit of 2324?
3
What is the tens digit of 314?
1
What is the thousands digit of 1497?
1
What is the ten thousands digit of 67886?
6
What is the thousands digit of 55088?
5
What is the hundreds digit of 1473?
4
What is the tens digit of 93732?
3
What is the tens digit of 31300?
0
What is the tens digit of 36687?
8
What is the units digit of 2133?
3
What is the tens digit of 1599?
9
What is the thousands digit of 99615?
9
What is the thousands digit of 8936?
8
What is the tens digit of 17142?
4
What is the hundreds digit of 3078?
0
What is the tens digit of 16668?
6
What is the hundreds digit of 9952?
9
What is the thousands digit of 2447?
2
What is the hundreds digit of 7517?
5
What is the tens digit of 568?
6
What is the hundreds digit of 179488?
4
What is the thousands digit of 21171?
1
What is the tens digit of 1335?
3
What is the hundreds digit of 1568?
5
What is the tens digit of 280?
8
What is the units digit of 511?
1
What is the tens digit of 40880?
8
What is the tens digit of 1142?
4
What is the units digit of 49?
9
What is the tens digit of 1308?
0
What is the ten thousands digit of 30691?
3
What is the units digit of 36647?
7
What is the hundreds digit of 21588?
5
What is the hundreds digit of 4432?
4
What is the thousands digit of 2128?
2
What is the tens digit of 1603?
0
What is the thousands digit of 1846?
1
What is the hundreds digit of 6414?
4
What is the units digit of 1214?
4
What is the tens digit of 28634?
3
What is the units digit of 12934?
4
What is the tens digit of 16358?
5
What is the thousands digit of 2991?
2
What is the tens digit of 9449?
4
What is the units digit of 708?
8
What is the units digit of 3209?
9
What is the units digit of 44106?
6
What is the units digit of 5743?
3
What is the ten thousands digit of 109308?
0
What is the thousands digit of 18480?
8
What is the hundreds digit of 92690?
6
What is the hundreds digit of 1700?
7
What is the units digit of 879?
9
What is the tens digit of 3274?
7
What is the ten thousands digit of 12470?
1
What is the hundreds digit of 577?
5
What is the tens digit of 2318?
1
What is the tens digit of 13717?
1
What is the units digit of 31542?
2
What is the hundreds digit of 6004?
0
What is the thousands digit of 4990?
4
What is the hundred thousands digit of 132139?
1
What is the hundreds digit of 19776?
7
What is the ten thousands digit of 64179?
6
What is the units digit of 3537?
7
What is the thousands digit of 5179?
5
What is the units digit of 457?
7
What is the units digit of 1791?
1
What is the ten thousands digit of 77878?
7
What is the units digit of 1366?
6
What is the hundreds digit of 7575?
5
What is the units digit of 2699?
9
What is the hundreds digit of 3730?
7
What is the hundreds digit of 2201?
2
What is the tens digit of 7550?
5
What is the hundreds digit of 3188?
1
What is the units digit of 7081?
1
What is the thousands digit of 4497?
4
What is the tens digit of 1219?
1
What is the hundreds digit of 86262?
2
What is the units digit of 6228?
8
What is the tens digit of 2399?
9
What is the thousands digit of 3716?
3
What is the thousands digit of 7497?
7
What is the hundreds digit of 722?
7
What is the thousands digit of 1034?
1
What is the hundreds digit of 29418?
4
What is the tens digit of 66124?
2
What is the thousands digit of 1503?
1
What is the tens digit of 1100?
0
What is the hundreds digit of 12194?
1
What is the tens digit of 856?
5
What is the hundreds digit of 22845?
8
What is the hundreds digit of 1267?
2
What is the units digit of 2019?
9
What is the hundreds digit of 1904?
9
What is the thousands digit of 6650?
6
What is the thousands digit of 1626?
1
What is the hundreds digit of 31965?
9
What is the hundreds digit of 41263?
2
What is the units digit of 6057?
7
What is the thousands digit of 7421?
7
What is the tens digit of 632?
3
What is the thousands digit of 3749?
3
What is the units digit of 43193?
3
What is the units digit of 1542?
2
What is the thousands digit of 6842?
6
What is the units digit of 8901?
1
What is the thousands digit of 39905?
9
What is the hundreds digit of 10169?
1
What is the tens digit of 17437?
3
What is the thousands digit of 5680?
5
What is the tens digit of 12357?
5
What is the tens digit of 1117?
1
What is the thousands digit of 2002?
2
What is the hundreds digit of 121?
1
What is the hundreds digit of 27573?
5
What is the thousands digit of 1372?
1
What is the ten thousands digit of 39840?
3
What is the tens digit of 2466?
6
What is the thousands digit of 17435?
7
What is the thousands digit of 54089?
4
What is the ten thousands digit of 109668?
0
What is the thousands digit of 151285?
1
What is the tens digit of 874?
7
What is the tens digit of 4872?
7
What is the thousands digit of 3517?
3
What is the hundreds digit of 29554?
5
What is the thousands digit of 1078?
1
What is the ten thousands digit of 20427?
2
What is the tens digit of 114056?
5
What is the units digit of 675?
5
What is the thousands digit of 11724?
1
What is the hundreds digit of 4919?
9
What is the hundreds digit of 18246?
2
What is the hundreds digit of 284?
2
What is the thousands digit of 3662?
3
What is the hundreds digit of 818?
8
What is the thousands digit of 43813?
3
What is the hundreds digit of 1709?
7
What is the ten thousands digit of 29384?
2
What is the units digit of 1945?
5
What is the t